
Let t(o) = -o**3 + 9*o**2 - 8*o + 1. Suppose x = 2 + 6. What is the units digit of t(x)?
1
Let k(p) = -p**3 - p + 1. Let d be k(1). Suppose 4*q = 2*q + 4. Let n = q + d. What is the units digit of n?
1
Let z be (-4)/(-6) + 46/3. Suppose c = 7 - 4. Suppose h - z = -c*h. What is the units digit of h?
4
Suppose -4*w - 618 = -3*p, 0 = 4*p - 4*w - 0*w - 828. What is the units digit of p?
0
Suppose o - 4*o - 6 = 3*r, -o = 5*r + 22. What is the units digit of (-290)/(-25) + (-2)/r?
2
Let s = -240 - -365. Suppose s = -3*d + 8*d. What is the tens digit of d?
2
Let y = 118 + -76. What is the tens digit of y?
4
Let v = -5 - -15. What is the tens digit of v?
1
Let v = -37 - -68. What is the tens digit of v?
3
What is the units digit of -3*(3/1)/(-3)?
3
Let p = -124 - -231. Suppose 5*l + n - p = 0, 0 = -4*l - 3*n + 50 + 40. What is the tens digit of l?
2
Suppose 3*n - 66 = -5*s, -28 = -5*s + 5*n + 62. Suppose z - s = -1. What is the units digit of z?
4
Let i = -3 - -4. Suppose n - 2*c = 12, 0 = -2*n + 3*c + 20 - i. Suppose n*h - 16 = -0*h. What is the units digit of h?
8
Suppose -4*c - 4*k + 144 = 0, -5*c + 4*k = -6*c + 39. What is the units digit of c?
5
Let f(m) = -m**3 + 5*m**2 + 7*m - 2. Suppose -4*c + 4*j + 44 = 0, -2*j + 5 + 3 = 3*c. Let s be f(c). Let r(q) = q + 1. What is the units digit of r(s)?
5
Let v(o) = -4 + 7 + 3 - o + 2*o. What is the tens digit of v(6)?
1
Let h(u) = -2*u - 3. Let v be -1 + 2 + -4 - 9. What is the tens digit of h(v)?
2
Let n = -1 - -4. Let i be (4/5)/(n/(-15)). Let x = i - -12. What is the units digit of x?
8
Suppose s - 4*s - 12 = 0, -4*z + 2*s + 408 = 0. Suppose -3*h = a - 24, -3*a - 2*a + 5*h = -z. Suppose a = 6*x - 3*x. What is the units digit of x?
7
Let z = 144 - 83. What is the units digit of z?
1
Let h = 34 - 23. What is the units digit of h?
1
Suppose -4*p - 3*v + 111 = 0, -5*p + 168 = 3*v + 27. Suppose -5*m = -5*i - p, i - 4*i = 5*m - 70. What is the units digit of m?
1
Suppose 4 = -s - 3*h + 5*h, s + 1 = h. Suppose 0 = s*g - 1 - 37. What is the units digit of g?
9
Let l = -23 + 32. Let v = l - 1. What is the units digit of v?
8
Let l = 7 + -5. Suppose 28 = 6*v - l*v. What is the units digit of v?
7
What is the units digit of -2 - -1 - (-41 - 11)?
1
Let v(u) = -u**2 + 8*u + 12. Let d be v(9). Suppose -5*r + 48 = 3*p, 2*r = 6*p - 2*p - 38. Let l = p - d. What is the units digit of l?
8
Suppose -2*c = -2*h, -c + 8 = -4*h + h. Let p(l) = l. Let z(r) = -r**3 - 4*r**2 + 3*r + 4. Let d(i) = p(i) - z(i). What is the units digit of d(h)?
4
Let j be 3 + -3 + -2 - -4. Suppose -4*n + j = -2. What is the units digit of n?
1
Let g(n) = n**3 + 10*n**2 + 9*n + 13. What is the units digit of g(-7)?
7
Let k = 54 - 103. Let t = k - -7. Let p = -23 - t. What is the tens digit of p?
1
Let j = -7 - -4. Let d = -1 - j. What is the units digit of d?
2
Let f(o) = 4*o**2 - 15*o - 7. What is the units digit of f(7)?
4
Let c(g) = g**2 + 4*g + 3. Let w be c(-4). Let l be (-2)/w*-15 + 0. Suppose -3*v = -2*v - l. What is the tens digit of v?
1
Let v be ((-4)/(-5) + 1)*45. Let w = v + -53. What is the units digit of w?
8
Let p = -3 + 7. Let k be p/6*(1 + 2). Suppose 4 + 4 = k*a - 3*j, -5*a = -2*j - 42. What is the tens digit of a?
1
Let i(z) = 7*z**2 - z - 1. Let j be 1*3*2/(-3). Let b = 1 + j. What is the units digit of i(b)?
7
What is the units digit of 4/(-20)*-18*15?
4
Let p = 52 - 36. What is the tens digit of p?
1
Let c = 20 + -14. What is the units digit of (-10)/c*(6 + -9)?
5
Let t(o) = -4*o + 14. What is the tens digit of t(-6)?
3
Suppose -4*u = -9*u + 150. What is the tens digit of u?
3
Let p = 323 - 221. What is the hundreds digit of p?
1
Suppose 4*n = -3*h + 22, -3*h + 3*n = h + 4. Let r(o) = -4*o + 2*o**h - 3 + 2*o - 3*o. What is the units digit of r(4)?
9
Suppose -y + 3*z + 27 = 0, 0 = -3*y + 2*z + 96 - 15. Let v be ((-1)/((-1)/(-4)))/(-2). Suppose -v*x = x - y. What is the units digit of x?
9
Let a be (2/(-3))/((-3)/18). Suppose -4*v = s + 3*s - 52, 5*v = -a*s + 53. What is the tens digit of s?
1
Suppose r - 5*r = a - 2, 3*a + 7 = r. What is the units digit of r?
1
Let g = 8 + -5. Suppose -g*m = -m - 28. What is the tens digit of m?
1
Let l(s) = s**3 - 5*s**2 + 7*s - 6. Let r be l(4). Suppose -r = -5*q + 44. What is the tens digit of q?
1
Let b be (3/(-6))/((-1)/(-10)). Let t = 9 + b. Suppose -2*a + p + 19 = 0, a - t*p - 17 + 4 = 0. What is the units digit of a?
9
Suppose 5*t = 11 + 14. Suppose -t = 4*g - 105. What is the units digit of g?
5
Let z(h) = h**2 - 10*h + 2. Let s be z(9). Let q = s - -20. What is the units digit of q?
3
Let v be (-5)/(45/6)*-6. Suppose -4*q + 1 = -k, v*k + 2 + 2 = 0. Suppose q*s + s = 2. What is the units digit of s?
2
Suppose -3205 = -10*y - 135. What is the tens digit of y?
0
Let y(j) = j**2 + 15*j + 15. What is the tens digit of y(-16)?
3
Let k(c) = -c**3 - 6*c**2 - 5*c + 4. What is the tens digit of k(-7)?
8
What is the hundreds digit of 65/(((-24)/18)/(-4))?
1
Let k = 49 - 23. Suppose -9*g + k = -7*g. What is the tens digit of g?
1
What is the hundreds digit of ((-260)/25)/((-4)/80)?
2
What is the units digit of (2 + 35)*1 - -3?
0
What is the tens digit of (14 - 2)*(-66)/(-8)?
9
Let n(k) = k + 5. Let l be n(-7). Let b = -4 + l. What is the units digit of (-6)/4*8/b?
2
Let p(j) = -j**2 + 6*j - 4. Let m be p(6). Let h = -1 - m. What is the units digit of h?
3
Suppose 0 = -y - 3*s + 14, -5*y - 2 = -0*s - 3*s. Let m be (-4 - (y + -4)) + 6. Suppose 0 = -m*j + 12, 5*q = -j + 4*j + 11. What is the units digit of q?
4
Let j(b) = b**2 + 10*b - 16. What is the units digit of j(-12)?
8
Suppose -1 = -3*d + 2*d. Let n(m) = 2*m**2 - m + 1. Let c be n(d). Suppose 2 = o - c. What is the units digit of o?
4
Let t = -14 - -16. What is the units digit of t?
2
Let c(p) = -p**2 - 13*p + 7. What is the units digit of c(-10)?
7
Let g(c) = 16*c - 8. What is the tens digit of g(10)?
5
What is the units digit of -2 - -3 - (-12)/4?
4
Suppose 15 = 5*i - 2095. What is the tens digit of i?
2
Suppose c = 4*c - 6. Let v be 0/(2 - (-1 + c)). What is the units digit of 6 + v + 0 - 0?
6
What is the tens digit of (-153)/(-5) - (-14)/35?
3
Suppose 3*t = -3*a + 240, 2*a - 5*t = 108 + 80. What is the units digit of a?
4
Suppose 6 = p - x, -4*p + 1 = 5*x - 5. Suppose -13 = -p*o - 1. What is the units digit of o?
3
Suppose 2*g - 5*j + 7 = 0, -3*j = g - 4*j - 1. Suppose g + 24 = 2*t. What is the units digit of t?
4
Suppose 9*m - 12*m = -264. What is the units digit of m?
8
What is the units digit of (-2)/13 + (-106)/(-13)?
8
Suppose -3*k + 4 = 3*p - 23, -3*k - 53 = -5*p. What is the tens digit of p?
1
Suppose 10 - 2 = -4*t. What is the tens digit of -1 - 20/t - -3?
1
Suppose 4*h - 437 - 435 = 0. What is the hundreds digit of h?
2
Let k(f) = f**3 + 4*f**2 - 6*f + 7. Let z be k(-5). Let h = z + -5. What is the units digit of h?
7
Let m(d) = 6*d**3 - 5*d**2 - 3*d - 3. Let p(c) = 7*c**3 - 5*c**2 - 4*c - 4. Let z(f) = -6*m(f) + 5*p(f). Suppose -5 = -2*n + 3. What is the units digit of z(n)?
6
Suppose -z = -56 - 104. What is the units digit of z?
0
Suppose 3*z + 5*d = 40, -2*d = 2*z - z - 14. Suppose -z = 3*c - 5*c. Let t(x) = 2*x - 4. What is the units digit of t(c)?
6
Suppose -2*g + 3 = 3*h, 3*h + 15 = 5*g - g. What is the units digit of (-10)/g*(-2 + -1)?
0
What is the tens digit of (198/21)/((-6)/7 - -1)?
6
Suppose -549 = -8*j + 355. What is the tens digit of j?
1
Suppose 5*h - 4*v = 6, -h = 5*v - 4 + 26. Let c = h - -4. What is the units digit of c?
2
Let d(q) = q - 2. Let p be d(2). Suppose p = -0*z + 2*z - 16. What is the units digit of z?
8
Suppose 5*z = -3*d + 91, d - 37 = -z - z. Let y = z - -15. What is the tens digit of y?
3
Suppose 5*f + 2*t = 93, -4*f - t + 5*t = -80. What is the units digit of f?
9
Suppose 2*h + 5*f - 490 = -0*f, 0 = 3*h + 3*f - 726. What is the units digit of h?
0
Let m(s) = -3*s + 17. What is the units digit of m(-7)?
8
Let j(r) = -r - 6. Let t = -26 + 13. Let w = -20 - t. What is the units digit of j(w)?
1
Suppose 5*h + 128 = 2*c, 0*h = -5*h - 4*c - 134. Let i(p) = -p - 16. Let w be i(0). Let k = w - h. What is the tens digit of k?
1
Suppose -3*y - h = -2, 2*y + 0*h = -3*h - 8. What is the units digit of y?
2
Suppose -17 + 20 = o. What is the units digit of o?
3
Suppose -v + 7 = 3*w, 3*w - v - 17 = -2*w